{"id":4956,"date":"2017-05-26T09:52:59","date_gmt":"2017-05-26T06:52:59","guid":{"rendered":"http:\/\/kasulikkoolitus.ee\/exceli-koolitus-alg-ja-kesktase-ekursus\/?page_id=4956"},"modified":"2025-09-01T22:18:46","modified_gmt":"2025-09-01T19:18:46","slug":"login","status":"publish","type":"page","link":"https:\/\/kasulikkoolitus.ee\/exceli-koolitus-alg-ja-kesktase-ekursus\/login\/","title":{"rendered":"Login"},"content":{"rendered":"<div class=\"wpb-content-wrapper\"><p>[vc_row][vc_column]<div class=\"box-section  animation bounceIn \" style=\"\">[vc_column_text css=&#8221;.vc_custom_1499439942124{margin-top: 10px !important;}&#8221;]<\/p>\n<h1 style=\"text-align: center;\">EXCELI ALG- JA KESKTASEME KOOLITUS E-KURSUSENA<\/h1>\n<p style=\"text-align: center;\">E-kursuse avamiseks sisesta oma kasutajanimi ja salas\u00f5na ning kliki nupul \u201cLogi sisse\u201d.<br \/>\nKui oled oma kasutajanime\/salas\u00f5na unustanud v\u00f5i sisselogimine ei \u00f5nnestu, kirjuta palun aadressil <a href=\"mailto:asko@kasulikkoolitus.ee\">asko@kasulikkoolitus.ee<\/a>.<\/p>\n<p>[\/vc_column_text]<div class=\"pc_aligned_form pc_falign_center\"><form class=\"pc_login_form pc_rm_login  pc_lf_long_labels pc_forced_lf_long_labels \" ><div class=\"pc_login_row pc_lf_username \"><label>Kasutajanimi v\u00f5i eposti aadress \/ Username or e-mail<\/label><div class=\"pc_field_container\"><input type=\"text\" name=\"pc_auth_username\" value=\"\"  autocapitalize=\"off\" autocomplete=\"off\" autocorrect=\"off\" aria-label=\"Kasutajanimi v\u00f5i eposti aadress \/ Username or e-mail\" maxlength=\"150\" \/><\/div><\/div><div class=\"pc_login_row pc_lf_psw \"><label>Salas\u00f5na \/ Password<\/label><div class=\"pc_field_container\"><input type=\"password\" name=\"pc_auth_psw\" value=\"\"  autocapitalize=\"off\" autocomplete=\"off\" autocorrect=\"off\" aria-label=\"Salas\u00f5na \/ Password\" \/><\/div><\/div><div class=\"pc_hnpt_code\"><input type=\"text\" name=\"pc_hnpt_1\" value=\"\" autocomplete=\"off\" \/><input type=\"text\" name=\"pc_hnpt_2\" value=\"1220315\" autocomplete=\"off\" required \/><input type=\"text\" name=\"pc_hnpt_3\" value=\"7106868221\" autocomplete=\"off\" required \/><\/div>        <div class=\"pc_lf_subfields\">            <div class=\"pc_login_smalls\">                <div class=\"pc_login_remember_me\">                    <input type=\"checkbox\" name=\"pc_remember_me\" value=\"1\" autocomplete=\"off\" aria-label=\"pea meeles\" \/>                    <small>pea meeles<\/small>                <\/div><\/div>            <div id=\"pc_auth_message\"><\/div>        <\/div>            <button class=\"pc_auth_btn\" type=\"submit\">            <span class=\"pc_inner_btn\">Logi sisse \/ Login<\/span>        <\/button><\/form>        <script type=\"text\/javascript\">    (function() {         \"use strict\";        const intval = setInterval(() => {            if(typeof(pc_lf_overlapping_smalls_check) == \"undefined\") {                return true;            }            else {                clearTimeout(intval);                window.pc_lf_overlapping_smalls_check();            }        }, 50);    })();    <\/script><\/div><\/div>[\/vc_column][\/vc_row][vc_row][vc_column]<div class=\"box-section  animation bounceInUp \" style=\"\">[vc_empty_space height=&#8221;7&#8243;]<h2 class=\"   \" >Exceli alg- ja kesktaseme koolituse e-kursus koosneb 69 videost kogukestvusega 5 tundi ja 17 minutit<\/h2>[vc_column_text css=&#8221;.vc_custom_1500981072998{margin-bottom: 20px !important;}&#8221;]<\/p>\n<p style=\"margin-bottom: 12px;\">E-kursuses k\u00e4sitletavad teemad on \u00fcksikasjalikult kirjeldatud koolituse\u00a0<a href=\"http:\/\/kasulikkoolitus.ee\/exceli-koolitus-alg-ja-kesktase\/#sisu-tutvustus\" target=\"_blank\" rel=\"noopener noreferrer\">sisukorras<\/a>, koolituse sihtgrupp ja eesm\u00e4rgid koolituse\u00a0<a href=\"https:\/\/kasulikkoolitus.ee\/exceli-koolitus-alg-ja-kesktase\/\" target=\"_blank\" rel=\"noopener noreferrer\">tutvustuses<\/a>.<\/p>\n<p>[\/vc_column_text][vc_row_inner][vc_column_inner width=&#8221;1\/2&#8243;][vc_column_text]<\/p>\n<p><a class=\"zoom video\" href=\"https:\/\/vimeo.com\/226727910?autoplay=0 \"><img loading=\"lazy\" decoding=\"async\" src=\"http:\/\/kasulikkoolitus.ee\/exceli-koolitus-alg-ja-kesktase-ekursus\/wp-content\/uploads\/2017\/07\/kuidas-ekursust-kasutada.png\" alt=\"exceli-koolitus-alg-ja-kesktase-temp\" width=\"379\" height=\"237\" align=\"alignright\" vspace=\"20\" \/><\/a><\/p>\n<p>[\/vc_column_text][vc_column_text css=&#8221;.vc_custom_1499756672973{margin-top: -25px !important;margin-bottom: 10px !important;}&#8221;]<em>E-kursuse kasutamis\u00f5petus<\/em>[\/vc_column_text][\/vc_column_inner][vc_column_inner width=&#8221;1\/2&#8243;][vc_column_text]<\/p>\n<p style=\"margin-bottom: 12px;\"><a class=\"zoom video\" href=\"https:\/\/vimeo.com\/402345388\"><img loading=\"lazy\" decoding=\"async\" src=\"https:\/\/kasulikkoolitus.ee\/exceli-koolitus-alg-ja-kesktase-ekursus\/wp-content\/uploads\/2020\/11\/Zoom-kasutamise-opetus.png\" alt=\"exceli-koolitus-alg-ja-kesktase-temp\" width=\"379\" height=\"237\" align=\"alignright\" vspace=\"20\" \/><\/a><\/p>\n<p>[\/vc_column_text][vc_column_text css=&#8221;.vc_custom_1500898069731{margin-top: -25px !important;margin-bottom: 10px !important;}&#8221;]<em>Zoomi kasutamis\u00f5petus<\/em>[\/vc_column_text][\/vc_column_inner][\/vc_row_inner][vc_column_text css=&#8221;.vc_custom_1516636617918{margin-top: 25px !important;margin-bottom: 7px !important;}&#8221;]Koolitaja: <a href=\"http:\/\/kasulikkoolitus.ee\/koolitajad\/\" target=\"_blank\" rel=\"noopener noreferrer\">Asko Uri<\/a><\/p>\n<p>E-kursuse ostusoovi korral t\u00e4ida palun\u00a0<a href=\"#kontaktivorm\">kontaktivorm<\/a>, kirjuta\u00a0<a href=\"mailto:asko@kasulikkoolitus.ee\">asko@kasulikkoolitus.ee<\/a> v\u00f5i helista 55657400.<\/p>\n<p><a href=\"https:\/\/docs.google.com\/spreadsheets\/d\/1WgXZXTXDw76u_r8H1ein-mwjjx8tyzRMAA64xisdkKo\/edit?usp=sharing\" target=\"_blank\" rel=\"noopener noreferrer\"><span style=\"color: #ffffff;\">viide<\/span><\/a><\/p>\n<p>[\/vc_column_text]<\/div>[\/vc_column][\/vc_row][vc_row][vc_column]<div class=\"box-section   \" style=\"\"><h2 class=\"   \" >Koolituse materjalid<\/h2>[vc_column_text css=&#8221;.vc_custom_1582099258923{margin-top: 25px !important;margin-bottom: 7px !important;}&#8221;]<\/p>\n<ul>\n<li><a href=\"https:\/\/kasulikkoolitus.ee\/exceli-koolitus-alg-ja-kesktase-ekursus\/wp-content\/uploads\/2022\/12\/tabelid-exceli-baaskoolitus-12-2022.xlsx\">T\u00f6\u00f6vihik koolitusel kaasategemiseks<\/a><\/li>\n<li><a href=\"https:\/\/kasulikkoolitus.ee\/exceli-koolitus-alg-ja-kesktase-ekursus\/wp-content\/uploads\/2020\/02\/Tables-Excel-Basic-Course-1.xlsx\">Workbook for Excel Basic training<\/a><\/li>\n<li><a href=\"https:\/\/drive.google.com\/open?id=0B_0Xr04Av-s_WjE2czg1ZkpqMEk\" target=\"_blank\" rel=\"noopener noreferrer\">K\u00f5ik failid, sh pildid<\/a><\/li>\n<li><a href=\"https:\/\/kasulikkoolitus.sharepoint.com\/:x:\/s\/KasulikKoolitus\/ESL-b0gC_YFBiT3U9_q8QfgBiArvwVYxNPA33BUr49xj8A?e=VFQq2Q\">Scatter diagramm<\/a><\/li>\n<li><a href=\"https:\/\/docs.google.com\/document\/d\/1tZ2enirW5r31pM9XrypVh7UcqQk1MNuZgIPCaxK7H58\/edit?usp=sharing\" target=\"_blank\" rel=\"noopener\">Hiiumaa sisselogimine<\/a><\/li>\n<\/ul>\n<p>[\/vc_column_text]<\/div>[\/vc_column][\/vc_row][vc_row][vc_column]<div class=\"box-section  animation bounceInRight \" style=\"\">[vc_empty_space height=&#8221;10&#8243;]<h2 class=\"   \" >Exceli alg- ja kesktaseme e-kursuse maksumus<\/h2>[vc_column_text]<\/p>\n<p style=\"margin-bottom: 8px;\">Exceli alg- ja kesktaseme koolitusel osalenule on e-kursuse kasutus (nagu ka individuaalne j\u00e4reln\u00f5ustamine) koolituse hinna sees.\u00a0Koolitust on aga v\u00f5imalik l\u00e4bida e-kursuse abil ka iseseisvalt,\u00a0ostes sobivaima e-kursuse paketi. Pakettide erinevus seisneb koolitaja poolse individuaalse n\u00f5ustamise perioodis (puudub, 2 kuud v\u00f5i 12 kuud) ning selles, kas teadmisi kontrollitakse ja v\u00e4ljastatakse tunnistus:<\/p>\n<p>[\/vc_column_text][vc_row_inner][vc_column_inner width=&#8221;1\/3&#8243;][vc_column_text]<div class=\"pricing-section  \">\r\n\t\t<ul class=\"pricing-table basic\">\r\n\t\t\t<li class=\"title\"><p>E-kursus<\/p><span>59 \u20ac + km<\/span><\/li>\r\n\t\t\t<li class=\"bullet-item\"><p>Piiramatu kasutusaeg ja uuendused<\/p><\/li>\n<li class=\"bullet-item\"><p>\u2013<\/p><\/li>\n<li class=\"bullet-item\"><p>\u2013<\/p><\/li>\r\n\t\t\t<li class=\"cta-button\"><a class=\"btn-default\" href=\"#kontaktivorm\">Olen huvitatud<\/a><\/li>\r\n\t\t<\/ul><\/div>[\/vc_column_text][\/vc_column_inner][vc_column_inner width=&#8221;1\/3&#8243;][vc_column_text]<div class=\"pricing-section  \">\r\n\t\t<ul class=\"pricing-table basic\">\r\n\t\t\t<li class=\"title\"><p>E-kursus PLUS<\/p><span>79 \u20ac + km<\/span><\/li>\r\n\t\t\t<li class=\"bullet-item\"><p>Piiramatu kasutusaeg ja uuendused<\/p><\/li>\n<li class=\"bullet-item\"><p>Koolitaja\u00a0poolne tugi 2 kuud<\/p><\/li>\n<li class=\"bullet-item\"><p>\u2013<\/p><\/li>\r\n\t\t\t<li class=\"cta-button\"><a class=\"btn-default\" href=\"#kontaktivorm\">Olen huvitatud<\/a><\/li>\r\n\t\t<\/ul><\/div>[\/vc_column_text][\/vc_column_inner][vc_column_inner width=&#8221;1\/3&#8243;][vc_column_text]<div class=\"pricing-section  \">\r\n\t\t<ul class=\"pricing-table basic\">\r\n\t\t\t<li class=\"title\"><p>E-kursus EXTRA<\/p><span>99 \u20ac + km<\/span><\/li>\r\n\t\t\t<li class=\"bullet-item\"><p>Piiramatu kasutusaeg ja uuendused<\/p><\/li>\n<li class=\"bullet-item\"><p>Koolitaja\u00a0poolne tugi 12 kuud<\/p><\/li>\n<li class=\"bullet-item\"><p>Teadmiste kontroll ja tunnistus<\/p><\/li>\r\n\t\t\t<li class=\"cta-button\"><a class=\"btn-default\" href=\"#kontaktivorm\">Olen huvitatud<\/a><\/li>\r\n\t\t<\/ul><\/div>[\/vc_column_text][\/vc_column_inner][\/vc_row_inner]<\/div>[\/vc_column][\/vc_row][vc_row][vc_column]<div class=\"box-section  animation bounceInLeft \" style=\"\">[vc_row_inner][vc_column_inner]<h2 class=\"   \" >\u00d5ppe maht, aeg ja tunnistuse v\u00e4ljastamine<\/h2>[vc_column_text]Teave\u00a0koolituse toimumise perioodi, kestvuse, \u00f5piv\u00e4ljundite ja -eesm\u00e4rkide, \u00f5ppevahendite ning \u00f5piv\u00e4ljundite hindamise kohta on toodud\u00a0<a href=\"https:\/\/docs.google.com\/document\/d\/1VQk7coohcF5lOoc-rVAmfYAmO3W0Jm5c4r6A4J8sk-U\/edit?usp=sharing\" target=\"_blank\" rel=\"noopener noreferrer\">Exceli alg- ja kesktaseme koolitus E-KURSUSENA \u00f5ppekavas<\/a>.[\/vc_column_text][\/vc_column_inner][\/vc_row_inner]<\/div>[\/vc_column][\/vc_row][vc_row css=&#8221;.vc_custom_1425147680220{margin-bottom: 5px !important;}&#8221;][vc_column]<div class=\"box-section  animation swing testimonial-section\" style=\"\"><h2 class=\"   \" >Osalenute arvamused Exceli alg- ja kesktaseme koolitusest<\/h2>\r\n\t\t<div class=\"testimonial-section  \" ><ul class=\"bxslider testimonialshort97953\">\r\n\t\t\t\t\t<li>\n\r\n\t\t\t\t\t\t<a href=\"#\"><img loading=\"lazy\" decoding=\"async\" alt=\"\" src=\"https:\/\/kasulikkoolitus.ee\/exceli-koolitus-alg-ja-kesktase-ekursus\/wp-content\/uploads\/2017\/05\/ingognito-2.png\" width=\"141\" height=\"141\"><\/a>\r\n\t\t\t\t\t\t<div class=\"message-content\">\r\n\t\t\t\t\t\t\t<p>V\u00e4ga hea ja ladus koolitus. Meeldiv koolitaja, paras tempo ja arusaadavad selgitused. V\u00e4ga tore, et hiljem on alati v\u00f5imalik \u00f5pitut kinnistada \u2013 e-kursusega v\u00f5i e-maili teel. Hea, et oli oma arvutisse v\u00f5imalik salvestada t\u00f6\u00f6vihik, kus k\u00f5ike sai kaasa teha. Suur t\u00e4nu!<\/p>\r\n\t\t\t\t\t\t\t<h6> <\/h6>\r\n\t\t\t\t\t\t<\/div>\t\t\t\t\r\n\t\t\t\t\t<\/li>\n\r\n\t\t\t\t\t<li>\n\r\n\t\t\t\t\t\t<a href=\"#\"><img loading=\"lazy\" decoding=\"async\" alt=\"\" src=\"https:\/\/kasulikkoolitus.ee\/exceli-koolitus-alg-ja-kesktase-ekursus\/wp-content\/uploads\/2017\/05\/ingognito-2.png\" width=\"141\" height=\"141\"><\/a>\r\n\t\t\t\t\t\t<div class=\"message-content\">\r\n\t\t\t\t\t\t\t<p>Excel on ikka v\u00f5imas t\u00f6\u00f6vahend k\u00fcll. Sain palju teadmisi juurde, kuigi algteadmised olid olemas. T\u00e4nan! V\u00e4ga huvitav oli.<\/p>\r\n\t\t\t\t\t\t\t<h6> <\/h6>\r\n\t\t\t\t\t\t<\/div>\t\t\t\t\r\n\t\t\t\t\t<\/li>\n\r\n\t\t\t\t\t<li>\n\r\n\t\t\t\t\t\t<a href=\"#\"><img loading=\"lazy\" decoding=\"async\" alt=\"\" src=\"https:\/\/kasulikkoolitus.ee\/exceli-koolitus-alg-ja-kesktase-ekursus\/wp-content\/uploads\/2017\/05\/ingognito-2.png\" width=\"141\" height=\"141\"><\/a>\r\n\t\t\t\t\t\t<div class=\"message-content\">\r\n\t\t\t\t\t\t\t<p>V\u00e4ga rahulik, k\u00f5ik arusaadav. K\u00f5igile k\u00fcsimustele saime vastused. Ja mis k\u00f5ige olulisem &#8211; nii positiivne ja naerusuine \u00f5petaja. T\u00e4nud!!!<\/p>\r\n\t\t\t\t\t\t\t<h6> <\/h6>\r\n\t\t\t\t\t\t<\/div>\t\t\t\t\r\n\t\t\t\t\t<\/li>\n\r\n\t\t\t\t\t<li>\n\r\n\t\t\t\t\t\t<a href=\"#\"><img loading=\"lazy\" decoding=\"async\" alt=\"\" src=\"https:\/\/kasulikkoolitus.ee\/exceli-koolitus-alg-ja-kesktase-ekursus\/wp-content\/uploads\/2017\/05\/ingognito-2.png\" width=\"141\" height=\"141\"><\/a>\r\n\t\t\t\t\t\t<div class=\"message-content\">\r\n\t\t\t\t\t\t\t<p>V\u00e4ga hea rahulik tempo! Oskan k\u00fcll Excelit kasutada, aga sain asjalikke soovitusi ja m\u00f5tteid, mida oma t\u00f6\u00f6 efektiivsuse t\u00f5stmiseks teha. Soovitan k\u00f5igile kolleegidele. T\u00e4nan!<\/p>\r\n\t\t\t\t\t\t\t<h6> <\/h6>\r\n\t\t\t\t\t\t<\/div>\t\t\t\t\r\n\t\t\t\t\t<\/li>\n\r\n\t\t\t\t\t<li>\n\r\n\t\t\t\t\t\t<a href=\"#\"><img loading=\"lazy\" decoding=\"async\" alt=\"\" src=\"https:\/\/kasulikkoolitus.ee\/exceli-koolitus-alg-ja-kesktase-ekursus\/wp-content\/uploads\/2017\/05\/ingognito-2.png\" width=\"141\" height=\"141\"><\/a>\r\n\t\t\t\t\t\t<div class=\"message-content\">\r\n\t\t\t\t\t\t\t<p>Selge ja ladus. Arusaadavas keeles. Puust ja punaselt koolitus. V\u00e4ga hea lektor.<\/p>\r\n\t\t\t\t\t\t\t<h6> <\/h6>\r\n\t\t\t\t\t\t<\/div>\t\t\t\t\r\n\t\t\t\t\t<\/li>\n\r\n\t\t\t\t\t<li>\n\r\n\t\t\t\t\t\t<a href=\"#\"><img loading=\"lazy\" decoding=\"async\" alt=\"\" src=\"https:\/\/kasulikkoolitus.ee\/exceli-koolitus-alg-ja-kesktase-ekursus\/wp-content\/uploads\/2017\/05\/ingognito-2.png\" width=\"141\" height=\"141\"><\/a>\r\n\t\t\t\t\t\t<div class=\"message-content\">\r\n\t\t\t\t\t\t\t<p>Meeldis k\u00f5ik: koolitus, l\u00e4biviimine, sisu, ka kohvipauside toit. Aeg lendas \u2013 j\u00e4relikult oli huvitav. Lausa rabas abivalmis ja lahke suhtumine: p\u00f6\u00f6rduge hiljem ja k\u00fcsige oma k\u00fcsimusi. T\u00e4nan!<\/p>\r\n\t\t\t\t\t\t\t<h6> <\/h6>\r\n\t\t\t\t\t\t<\/div>\t\t\t\t\r\n\t\t\t\t\t<\/li>\n\r\n\t\t\t\t\t<li>\n\r\n\t\t\t\t\t\t<a href=\"#\"><img loading=\"lazy\" decoding=\"async\" alt=\"\" src=\"https:\/\/kasulikkoolitus.ee\/exceli-koolitus-alg-ja-kesktase-ekursus\/wp-content\/uploads\/2017\/05\/ingognito-2.png\" width=\"141\" height=\"141\"><\/a>\r\n\t\t\t\t\t\t<div class=\"message-content\">\r\n\t\t\t\t\t\t\t<p>V\u00e4ga hea koolitus. T\u00f6ises plaanis h\u00e4sti palju vajalikke nippe. Kindlasti on edaspidi mugavam ja lihtsam t\u00f6\u00f6d korraldada.<\/p>\r\n\t\t\t\t\t\t\t<h6> <\/h6>\r\n\t\t\t\t\t\t<\/div>\t\t\t\t\r\n\t\t\t\t\t<\/li>\n\r\n\t\t\t\t\t<li>\n\r\n\t\t\t\t\t\t<a href=\"#\"><img loading=\"lazy\" decoding=\"async\" alt=\"\" src=\"https:\/\/kasulikkoolitus.ee\/exceli-koolitus-alg-ja-kesktase-ekursus\/wp-content\/uploads\/2017\/05\/ingognito-2.png\" width=\"141\" height=\"141\"><\/a>\r\n\t\t\t\t\t\t<div class=\"message-content\">\r\n\t\t\t\t\t\t\t<p>Minu arvutiprogrammide \u00fcldine kasutamine ja terminite teadmine on tagasihoidlik, aga see koolitus aitas tublisti seda asja parandada. Koolituse kava oli v\u00e4ga h\u00e4sti koostatud ja lubab igati edasi areneda. Ait\u00e4h!<\/p>\r\n\t\t\t\t\t\t\t<h6> <\/h6>\r\n\t\t\t\t\t\t<\/div>\t\t\t\t\r\n\t\t\t\t\t<\/li>\n\r\n\t\t\t\t\t<li>\n\r\n\t\t\t\t\t\t<a href=\"#\"><img loading=\"lazy\" decoding=\"async\" alt=\"\" src=\"https:\/\/kasulikkoolitus.ee\/exceli-koolitus-alg-ja-kesktase-ekursus\/wp-content\/uploads\/2017\/05\/ingognito-2.png\" width=\"141\" height=\"141\"><\/a>\r\n\t\t\t\t\t\t<div class=\"message-content\">\r\n\t\t\t\t\t\t\t<p>Palju uut ja vajalikku informatsioooni ja eriti tore on e-kursuse v\u00f5imalus. K\u00f5ike ei suuda korraga meelde j\u00e4tta ja hea on hiljem k\u00f5ik \u00fcle vaadata. Olen v\u00e4ga-v\u00e4ga rahul.<\/p>\r\n\t\t\t\t\t\t\t<h6> <\/h6>\r\n\t\t\t\t\t\t<\/div>\t\t\t\t\r\n\t\t\t\t\t<\/li>\n\r\n\t\t\t\t\t<li>\n\r\n\t\t\t\t\t\t<a href=\"#\"><img loading=\"lazy\" decoding=\"async\" alt=\"\" src=\"https:\/\/kasulikkoolitus.ee\/exceli-koolitus-alg-ja-kesktase-ekursus\/wp-content\/uploads\/2017\/05\/ingognito-2.png\" width=\"141\" height=\"141\"><\/a>\r\n\t\t\t\t\t\t<div class=\"message-content\">\r\n\t\t\t\t\t\t\t<p>Meeldis koolituse \u00f5hkkond, koolitaja vaba ja r\u00f5\u00f5msameelne olek. Koolitus oli sisutihe ja meeldiv. T\u00e4nan!<\/p>\r\n\t\t\t\t\t\t\t<h6> <\/h6>\r\n\t\t\t\t\t\t<\/div>\t\t\t\t\r\n\t\t\t\t\t<\/li>\n\r\n\t\t\t\t\t<li>\n\r\n\t\t\t\t\t\t<a href=\"#\"><img loading=\"lazy\" decoding=\"async\" alt=\"\" src=\"https:\/\/kasulikkoolitus.ee\/exceli-koolitus-alg-ja-kesktase-ekursus\/wp-content\/uploads\/2017\/05\/ingognito-2.png\" width=\"141\" height=\"141\"><\/a>\r\n\t\t\t\t\t\t<div class=\"message-content\">\r\n\t\t\t\t\t\t\t<p>Mulle meeldis lihtne seletus. Oodati, et k\u00f5ik j\u00f5udsid edasi ja said aru. Sain uut teada, mida ei osanud enne. Ootan uut koolitust.<\/p>\r\n\t\t\t\t\t\t\t<h6> <\/h6>\r\n\t\t\t\t\t\t<\/div>\t\t\t\t\r\n\t\t\t\t\t<\/li>\n\r\n\t\t\t\t\t<li>\n\r\n\t\t\t\t\t\t<a href=\"#\"><img loading=\"lazy\" decoding=\"async\" alt=\"\" src=\"https:\/\/kasulikkoolitus.ee\/exceli-koolitus-alg-ja-kesktase-ekursus\/wp-content\/uploads\/2017\/05\/ingognito-2.png\" width=\"141\" height=\"141\"><\/a>\r\n\t\t\t\t\t\t<div class=\"message-content\">\r\n\t\t\t\t\t\t\t<p>Sain sellelt koolituselt palju vahvaid nippe teada, nii t\u00f6\u00f6alaseks kui ka koduseks kasutuseks. Oli tempokas, ei hakanud igav, v\u00e4ga huvitav. Hea, et olid puhkepausid. Kindlasti soovin j\u00e4rgmise taseme koolitust. Ait\u00e4h koolitajale!<\/p>\r\n\t\t\t\t\t\t\t<h6> <\/h6>\r\n\t\t\t\t\t\t<\/div>\t\t\t\t\r\n\t\t\t\t\t<\/li><\/ul>\r\n\t\t<\/div>\r\n\t\t<script>\r\n\t\tjQuery(window).load(function(){\r\n\t\t\tjQuery(\".testimonialshort97953\").bxSlider({\r\n\t\t\tmode: \"vertical\",\r\n\t\t\tauto: false,\r\n\t\t\tpause: 4000\r\n\t\t});\r\n\t\t});\r\n\t\t<\/script><\/div>[\/vc_column][\/vc_row][vc_row][vc_column]<div class=\"box-section  animation bounce \" style=\"\">[vc_column_text css=&#8221;.vc_custom_1499442364529{margin-bottom: -20px !important;}&#8221;]<\/p>\n<h2><a name=\"kontaktivorm\"><\/a>Exceli alg- ja kesktaseme e-kursuse ostusoovi kontaktivorm<\/h2>\n<p>[contact-form-7 id=&#8221;4994&#8243; title=&#8221;Exceli alg- ja kesktaseme e-kursuse kontaktivorm&#8221;][\/vc_column_text]<\/div>[\/vc_column][\/vc_row]<\/p>\n<\/div>","protected":false},"excerpt":{"rendered":"<p>[vc_row][vc_column][\/vc_column][\/vc_row][vc_row][vc_column][\/vc_column][\/vc_row][vc_row][vc_column][\/vc_column][\/vc_row][vc_row][vc_column][\/vc_column][\/vc_row][vc_row][vc_column][\/vc_column][\/vc_row][vc_row css=&#8221;.vc_custom_1425147680220{margin-bottom: 5px !important;}&#8221;][vc_column][\/vc_column][\/vc_row][vc_row][vc_column][\/vc_column][\/vc_row]<\/p>\n","protected":false},"author":1,"featured_media":0,"parent":0,"menu_order":0,"comment_status":"closed","ping_status":"closed","template":"","meta":{"footnotes":""},"class_list":["post-4956","page","type-page","status-publish","hentry"],"_links":{"self":[{"href":"https:\/\/kasulikkoolitus.ee\/exceli-koolitus-alg-ja-kesktase-ekursus\/wp-json\/wp\/v2\/pages\/4956","targetHints":{"allow":["GET"]}}],"collection":[{"href":"https:\/\/kasulikkoolitus.ee\/exceli-koolitus-alg-ja-kesktase-ekursus\/wp-json\/wp\/v2\/pages"}],"about":[{"href":"https:\/\/kasulikkoolitus.ee\/exceli-koolitus-alg-ja-kesktase-ekursus\/wp-json\/wp\/v2\/types\/page"}],"author":[{"embeddable":true,"href":"https:\/\/kasulikkoolitus.ee\/exceli-koolitus-alg-ja-kesktase-ekursus\/wp-json\/wp\/v2\/users\/1"}],"replies":[{"embeddable":true,"href":"https:\/\/kasulikkoolitus.ee\/exceli-koolitus-alg-ja-kesktase-ekursus\/wp-json\/wp\/v2\/comments?post=4956"}],"version-history":[{"count":113,"href":"https:\/\/kasulikkoolitus.ee\/exceli-koolitus-alg-ja-kesktase-ekursus\/wp-json\/wp\/v2\/pages\/4956\/revisions"}],"predecessor-version":[{"id":9212,"href":"https:\/\/kasulikkoolitus.ee\/exceli-koolitus-alg-ja-kesktase-ekursus\/wp-json\/wp\/v2\/pages\/4956\/revisions\/9212"}],"wp:attachment":[{"href":"https:\/\/kasulikkoolitus.ee\/exceli-koolitus-alg-ja-kesktase-ekursus\/wp-json\/wp\/v2\/media?parent=4956"}],"curies":[{"name":"wp","href":"https:\/\/api.w.org\/{rel}","templated":true}]}}